{"id":43,"date":"2023-03-14T09:33:50","date_gmt":"2023-03-14T09:33:50","guid":{"rendered":"http:\/\/orange-shapes.nl\/?page_id=43"},"modified":"2024-11-06T06:52:32","modified_gmt":"2024-11-06T06:52:32","slug":"letters","status":"publish","type":"page","link":"https:\/\/orange-shapes.nl\/?page_id=43","title":{"rendered":"Letters"},"content":{"rendered":"\t\t<div data-elementor-type=\"wp-page\" data-elementor-id=\"43\" class=\"elementor elementor-43\">\n\t\t\t\t\t\t<section class=\"elementor-section elementor-top-section elementor-element elementor-element-0da1355 elementor-section-boxed elementor-section-height-default elementor-section-height-default\" data-id=\"0da1355\" data-element_type=\"section\" data-e-type=\"section\">\n\t\t\t\t\t\t<div class=\"elementor-container elementor-column-gap-default\">\n\t\t\t\t\t<div class=\"elementor-column elementor-col-100 elementor-top-column elementor-element elementor-element-775af7f\" data-id=\"775af7f\" data-element_type=\"column\" data-e-type=\"column\">\n\t\t\t<div class=\"elementor-widget-wrap elementor-element-populated\">\n\t\t\t\t\t\t<div class=\"elementor-element elementor-element-e16b55c elementor-arrows-position-inside elementor-widget elementor-widget-image-carousel\" data-id=\"e16b55c\" data-element_type=\"widget\" data-e-type=\"widget\" data-settings=\"{&quot;slides_to_show&quot;:&quot;6&quot;,&quot;navigation&quot;:&quot;arrows&quot;,&quot;slides_to_show_mobile&quot;:&quot;3&quot;,&quot;slides_to_scroll&quot;:&quot;1&quot;,&quot;slides_to_scroll_mobile&quot;:&quot;1&quot;,&quot;image_spacing_custom&quot;:{&quot;unit&quot;:&quot;px&quot;,&quot;size&quot;:10,&quot;sizes&quot;:[]},&quot;image_spacing_custom_mobile&quot;:{&quot;unit&quot;:&quot;px&quot;,&quot;size&quot;:10,&quot;sizes&quot;:[]},&quot;autoplay&quot;:&quot;yes&quot;,&quot;pause_on_hover&quot;:&quot;yes&quot;,&quot;pause_on_interaction&quot;:&quot;yes&quot;,&quot;autoplay_speed&quot;:5000,&quot;infinite&quot;:&quot;yes&quot;,&quot;speed&quot;:500,&quot;image_spacing_custom_tablet&quot;:{&quot;unit&quot;:&quot;px&quot;,&quot;size&quot;:&quot;&quot;,&quot;sizes&quot;:[]}}\" data-widget_type=\"image-carousel.default\">\n\t\t\t\t<div class=\"elementor-widget-container\">\n\t\t\t\t\t\t\t<div class=\"elementor-image-carousel-wrapper swiper\" role=\"region\" aria-roledescription=\"carousel\" aria-label=\"Afbeelding carrousel\" dir=\"ltr\">\n\t\t\t<div class=\"elementor-image-carousel swiper-wrapper\" aria-live=\"off\">\n\t\t\t\t\t\t\t\t<div class=\"swiper-slide\" role=\"group\" aria-roledescription=\"slide\" aria-label=\"1 van 16\"><figure class=\"swiper-slide-inner\"><img decoding=\"async\" class=\"swiper-slide-image\" src=\"https:\/\/orange-shapes.nl\/wp-content\/uploads\/2024\/11\/IMG-20241106-WA0011-e1730875367539-300x300.jpg\" alt=\"IMG-20241106-WA0011\" \/><\/figure><\/div><div class=\"swiper-slide\" role=\"group\" aria-roledescription=\"slide\" aria-label=\"2 van 16\"><figure class=\"swiper-slide-inner\"><img decoding=\"async\" class=\"swiper-slide-image\" src=\"https:\/\/orange-shapes.nl\/wp-content\/uploads\/2024\/11\/IMG-20241106-WA0014-scaled-e1730875390802-300x300.jpg\" alt=\"IMG-20241106-WA0014\" \/><\/figure><\/div><div class=\"swiper-slide\" role=\"group\" aria-roledescription=\"slide\" aria-label=\"3 van 16\"><figure class=\"swiper-slide-inner\"><img decoding=\"async\" class=\"swiper-slide-image\" src=\"https:\/\/orange-shapes.nl\/wp-content\/uploads\/2024\/11\/IMG-20241106-WA0009-scaled-e1730875078132-300x300.jpg\" alt=\"IMG-20241106-WA0009\" \/><\/figure><\/div><div class=\"swiper-slide\" role=\"group\" aria-roledescription=\"slide\" aria-label=\"4 van 16\"><figure class=\"swiper-slide-inner\"><img decoding=\"async\" class=\"swiper-slide-image\" src=\"https:\/\/orange-shapes.nl\/wp-content\/uploads\/2024\/06\/verknipt-e1718276114942-300x300.jpg\" alt=\"verknipt\" \/><\/figure><\/div><div class=\"swiper-slide\" role=\"group\" aria-roledescription=\"slide\" aria-label=\"5 van 16\"><figure class=\"swiper-slide-inner\"><img decoding=\"async\" class=\"swiper-slide-image\" src=\"https:\/\/orange-shapes.nl\/wp-content\/uploads\/2024\/06\/IMG_5559-scaled-e1718276130344-300x300.jpg\" alt=\"IMG_5559\" \/><\/figure><\/div><div class=\"swiper-slide\" role=\"group\" aria-roledescription=\"slide\" aria-label=\"6 van 16\"><figure class=\"swiper-slide-inner\"><img decoding=\"async\" class=\"swiper-slide-image\" src=\"https:\/\/orange-shapes.nl\/wp-content\/uploads\/2024\/11\/IMG-20241106-WA0024-scaled-e1730875413722-300x300.jpg\" alt=\"IMG-20241106-WA0024\" \/><\/figure><\/div><div class=\"swiper-slide\" role=\"group\" aria-roledescription=\"slide\" aria-label=\"7 van 16\"><figure class=\"swiper-slide-inner\"><img decoding=\"async\" class=\"swiper-slide-image\" src=\"https:\/\/orange-shapes.nl\/wp-content\/uploads\/2024\/11\/IMG-20241106-WA0021-scaled-e1730875431301-300x300.jpg\" alt=\"IMG-20241106-WA0021\" \/><\/figure><\/div><div class=\"swiper-slide\" role=\"group\" aria-roledescription=\"slide\" aria-label=\"8 van 16\"><figure class=\"swiper-slide-inner\"><img decoding=\"async\" class=\"swiper-slide-image\" src=\"https:\/\/orange-shapes.nl\/wp-content\/uploads\/2023\/06\/IMG_1434-300x300.jpg\" alt=\"Early peakers uit EPS\" \/><\/figure><\/div><div class=\"swiper-slide\" role=\"group\" aria-roledescription=\"slide\" aria-label=\"9 van 16\"><figure class=\"swiper-slide-inner\"><img decoding=\"async\" class=\"swiper-slide-image\" src=\"https:\/\/orange-shapes.nl\/wp-content\/uploads\/2024\/11\/IMG-20241106-WA0029-scaled-e1730875457228-300x300.jpg\" alt=\"IMG-20241106-WA0029\" \/><\/figure><\/div><div class=\"swiper-slide\" role=\"group\" aria-roledescription=\"slide\" aria-label=\"10 van 16\"><figure class=\"swiper-slide-inner\"><img decoding=\"async\" class=\"swiper-slide-image\" src=\"https:\/\/orange-shapes.nl\/wp-content\/uploads\/2024\/06\/IMG_0965-scaled-e1718276063711-300x300.jpg\" alt=\"IMG_0965\" \/><\/figure><\/div><div class=\"swiper-slide\" role=\"group\" aria-roledescription=\"slide\" aria-label=\"11 van 16\"><figure class=\"swiper-slide-inner\"><img decoding=\"async\" class=\"swiper-slide-image\" src=\"https:\/\/orange-shapes.nl\/wp-content\/uploads\/2024\/11\/IMG-20241106-WA0019-scaled-e1730874975833-300x300.jpg\" alt=\"IMG-20241106-WA0019\" \/><\/figure><\/div><div class=\"swiper-slide\" role=\"group\" aria-roledescription=\"slide\" aria-label=\"12 van 16\"><figure class=\"swiper-slide-inner\"><img decoding=\"async\" class=\"swiper-slide-image\" src=\"https:\/\/orange-shapes.nl\/wp-content\/uploads\/2024\/11\/IMG-20241106-WA0013-scaled-e1730874999298-300x300.jpg\" alt=\"IMG-20241106-WA0013\" \/><\/figure><\/div><div class=\"swiper-slide\" role=\"group\" aria-roledescription=\"slide\" aria-label=\"13 van 16\"><figure class=\"swiper-slide-inner\"><img decoding=\"async\" class=\"swiper-slide-image\" src=\"https:\/\/orange-shapes.nl\/wp-content\/uploads\/2023\/09\/Afbeelding-van-WhatsApp-op-2023-08-30-om-11.49.17-e1693830460479-300x300.jpg\" alt=\"Afbeelding van WhatsApp op 2023-08-30 om 11.49.17\" \/><\/figure><\/div><div class=\"swiper-slide\" role=\"group\" aria-roledescription=\"slide\" aria-label=\"14 van 16\"><figure class=\"swiper-slide-inner\"><img decoding=\"async\" class=\"swiper-slide-image\" src=\"https:\/\/orange-shapes.nl\/wp-content\/uploads\/2024\/06\/IMG_6046.MOV_snapshot_00.09.500-e1718276088256-300x300.jpg\" alt=\"IMG_6046.MOV_snapshot_00.09.500\" \/><\/figure><\/div><div class=\"swiper-slide\" role=\"group\" aria-roledescription=\"slide\" aria-label=\"15 van 16\"><figure class=\"swiper-slide-inner\"><img decoding=\"async\" class=\"swiper-slide-image\" src=\"https:\/\/orange-shapes.nl\/wp-content\/uploads\/2024\/06\/IMG_6040.MOV_snapshot_00.19.630-e1718276089941-300x300.jpg\" alt=\"IMG_6040.MOV_snapshot_00.19.630\" \/><\/figure><\/div><div class=\"swiper-slide\" role=\"group\" aria-roledescription=\"slide\" aria-label=\"16 van 16\"><figure class=\"swiper-slide-inner\"><img decoding=\"async\" class=\"swiper-slide-image\" src=\"https:\/\/orange-shapes.nl\/wp-content\/uploads\/2024\/11\/IMG-20241106-WA0003-scaled-e1730875490232-300x300.jpg\" alt=\"IMG-20241106-WA0003\" \/><\/figure><\/div>\t\t\t<\/div>\n\t\t\t\t\t\t\t\t\t\t\t\t<div class=\"elementor-swiper-button elementor-swiper-button-prev\" role=\"button\" tabindex=\"0\">\n\t\t\t\t\t\t<i aria-hidden=\"true\" class=\"eicon-chevron-left\"><\/i>\t\t\t\t\t<\/div>\n\t\t\t\t\t<div class=\"elementor-swiper-button elementor-swiper-button-next\" role=\"button\" tabindex=\"0\">\n\t\t\t\t\t\t<i aria-hidden=\"true\" class=\"eicon-chevron-right\"><\/i>\t\t\t\t\t<\/div>\n\t\t\t\t\n\t\t\t\t\t\t\t\t\t<\/div>\n\t\t\t\t\t\t<\/div>\n\t\t\t\t<\/div>\n\t\t\t\t\t<\/div>\n\t\t<\/div>\n\t\t\t\t\t<\/div>\n\t\t<\/section>\n\t\t\t\t<section class=\"elementor-section elementor-top-section elementor-element elementor-element-822ca00 elementor-section-boxed elementor-section-height-default elementor-section-height-default\" data-id=\"822ca00\" data-element_type=\"section\" data-e-type=\"section\">\n\t\t\t\t\t\t<div class=\"elementor-container elementor-column-gap-default\">\n\t\t\t\t\t<div class=\"elementor-column elementor-col-100 elementor-top-column elementor-element elementor-element-82b42ed\" data-id=\"82b42ed\" data-element_type=\"column\" data-e-type=\"column\">\n\t\t\t<div class=\"elementor-widget-wrap elementor-element-populated\">\n\t\t\t\t\t\t<div class=\"elementor-element elementor-element-7cf8cfa elementor-widget-divider--view-line elementor-widget elementor-widget-divider\" data-id=\"7cf8cfa\" data-element_type=\"widget\" data-e-type=\"widget\" data-widget_type=\"divider.default\">\n\t\t\t\t<div class=\"elementor-widget-container\">\n\t\t\t\t\t\t\t<div class=\"elementor-divider\">\n\t\t\t<span class=\"elementor-divider-separator\">\n\t\t\t\t\t\t<\/span>\n\t\t<\/div>\n\t\t\t\t\t\t<\/div>\n\t\t\t\t<\/div>\n\t\t\t\t<div class=\"elementor-element elementor-element-030d0da elementor-widget elementor-widget-heading\" data-id=\"030d0da\" data-element_type=\"widget\" data-e-type=\"widget\" data-widget_type=\"heading.default\">\n\t\t\t\t<div class=\"elementor-widget-container\">\n\t\t\t\t\t<h2 class=\"elementor-heading-title elementor-size-default\">EPS LETTERS<\/h2>\t\t\t\t<\/div>\n\t\t\t\t<\/div>\n\t\t\t\t<div class=\"elementor-element elementor-element-a181d48 elementor-widget elementor-widget-text-editor\" data-id=\"a181d48\" data-element_type=\"widget\" data-e-type=\"widget\" data-widget_type=\"text-editor.default\">\n\t\t\t\t<div class=\"elementor-widget-container\">\n\t\t\t\t\t\t\t\t\t<p><span style=\"color: #000000;\">Piepschuim letters zijn driedimensionale letters die zijn gemaakt van ge\u00ebxpandeerd polystyreen (EPS) materiaal. Deze letters worden vaak gebruikt voor het cre\u00ebren van opvallende en op maat gemaakte signage voor bedrijven, evenementen, beurzen en andere commerci\u00eble of persoonlijke doeleinden.<\/span><\/p><p><span style=\"color: #000000;\">De letters worden meestal geproduceerd door het snijden of snijden van een blok piepschuim in de gewenste vorm van de letters, gevolgd door het afwerken van het oppervlak met verf, vinyl, stof of andere materialen om het gewenste uiterlijk te cre\u00ebren. De letters kunnen ook worden verlicht met LED-lampen om nog meer op te vallen.<\/span><\/p><p><span style=\"color: #000000;\">Piepschuim letters zijn populair vanwege hun lichtgewicht, duurzaamheid en veelzijdigheid. Ze kunnen worden gebruikt voor zowel binnen- als buitentoepassingen en zijn gemakkelijk te installeren op muren, stands, of andere oppervlakken. Ze zijn ook relatief betaalbaar in vergelijking met andere signage opties en bieden een grote mate van creatieve vrijheid voor ontwerpers en marketeers.<\/span><span style=\"color: #374151; font-family: S\u00f6hne, ui-sans-serif, system-ui, -apple-system, 'Segoe UI', Roboto, Ubuntu, Cantarell, 'Noto Sans', sans-serif, 'Helvetica Neue', Arial, 'Apple Color Emoji', 'Segoe UI Emoji', 'Segoe UI Symbol', 'Noto Color Emoji'; white-space: pre-wrap; background-color: #f7f7f8;\"><br \/><\/span><\/p>\t\t\t\t\t\t\t\t<\/div>\n\t\t\t\t<\/div>\n\t\t\t\t\t<\/div>\n\t\t<\/div>\n\t\t\t\t\t<\/div>\n\t\t<\/section>\n\t\t\t\t<section class=\"elementor-section elementor-top-section elementor-element elementor-element-9f87f9e elementor-section-boxed elementor-section-height-default elementor-section-height-default\" data-id=\"9f87f9e\" data-element_type=\"section\" data-e-type=\"section\">\n\t\t\t\t\t\t<div class=\"elementor-container elementor-column-gap-default\">\n\t\t\t\t\t<div class=\"elementor-column elementor-col-100 elementor-top-column elementor-element elementor-element-8e1e81f\" data-id=\"8e1e81f\" data-element_type=\"column\" data-e-type=\"column\">\n\t\t\t<div class=\"elementor-widget-wrap elementor-element-populated\">\n\t\t\t\t\t\t<div class=\"elementor-element elementor-element-cd0cc0e elementor-widget-divider--view-line elementor-widget elementor-widget-divider\" data-id=\"cd0cc0e\" data-element_type=\"widget\" data-e-type=\"widget\" data-widget_type=\"divider.default\">\n\t\t\t\t<div class=\"elementor-widget-container\">\n\t\t\t\t\t\t\t<div class=\"elementor-divider\">\n\t\t\t<span class=\"elementor-divider-separator\">\n\t\t\t\t\t\t<\/span>\n\t\t<\/div>\n\t\t\t\t\t\t<\/div>\n\t\t\t\t<\/div>\n\t\t\t\t<div class=\"elementor-element elementor-element-d9d56c6 elementor-arrows-position-inside elementor-widget elementor-widget-image-carousel\" data-id=\"d9d56c6\" data-element_type=\"widget\" data-e-type=\"widget\" data-settings=\"{&quot;slides_to_show&quot;:&quot;4&quot;,&quot;slides_to_scroll&quot;:&quot;1&quot;,&quot;navigation&quot;:&quot;arrows&quot;,&quot;image_spacing_custom&quot;:{&quot;unit&quot;:&quot;px&quot;,&quot;size&quot;:30,&quot;sizes&quot;:[]},&quot;slides_to_show_mobile&quot;:&quot;2&quot;,&quot;slides_to_scroll_mobile&quot;:&quot;1&quot;,&quot;autoplay&quot;:&quot;yes&quot;,&quot;pause_on_hover&quot;:&quot;yes&quot;,&quot;pause_on_interaction&quot;:&quot;yes&quot;,&quot;autoplay_speed&quot;:5000,&quot;infinite&quot;:&quot;yes&quot;,&quot;speed&quot;:500,&quot;image_spacing_custom_tablet&quot;:{&quot;unit&quot;:&quot;px&quot;,&quot;size&quot;:&quot;&quot;,&quot;sizes&quot;:[]},&quot;image_spacing_custom_mobile&quot;:{&quot;unit&quot;:&quot;px&quot;,&quot;size&quot;:&quot;&quot;,&quot;sizes&quot;:[]}}\" data-widget_type=\"image-carousel.default\">\n\t\t\t\t<div class=\"elementor-widget-container\">\n\t\t\t\t\t\t\t<div class=\"elementor-image-carousel-wrapper swiper\" role=\"region\" aria-roledescription=\"carousel\" aria-label=\"Afbeelding carrousel\" dir=\"ltr\">\n\t\t\t<div class=\"elementor-image-carousel swiper-wrapper\" aria-live=\"off\">\n\t\t\t\t\t\t\t\t<div class=\"swiper-slide\" role=\"group\" aria-roledescription=\"slide\" aria-label=\"1 van 21\"><figure class=\"swiper-slide-inner\"><img decoding=\"async\" class=\"swiper-slide-image\" src=\"https:\/\/orange-shapes.nl\/wp-content\/uploads\/2024\/11\/IMG-20241106-WA0009-scaled-e1730875078132-300x300.jpg\" alt=\"IMG-20241106-WA0009\" \/><\/figure><\/div><div class=\"swiper-slide\" role=\"group\" aria-roledescription=\"slide\" aria-label=\"2 van 21\"><figure class=\"swiper-slide-inner\"><img decoding=\"async\" class=\"swiper-slide-image\" src=\"https:\/\/orange-shapes.nl\/wp-content\/uploads\/2024\/11\/IMG-20241106-WA0017-scaled-e1730875866557-300x300.jpg\" alt=\"IMG-20241106-WA0017\" \/><\/figure><\/div><div class=\"swiper-slide\" role=\"group\" aria-roledescription=\"slide\" aria-label=\"3 van 21\"><figure class=\"swiper-slide-inner\"><img decoding=\"async\" class=\"swiper-slide-image\" src=\"https:\/\/orange-shapes.nl\/wp-content\/uploads\/2024\/06\/IMG_0965-scaled-e1718276063711-300x300.jpg\" alt=\"IMG_0965\" \/><\/figure><\/div><div class=\"swiper-slide\" role=\"group\" aria-roledescription=\"slide\" aria-label=\"4 van 21\"><figure class=\"swiper-slide-inner\"><img decoding=\"async\" class=\"swiper-slide-image\" src=\"https:\/\/orange-shapes.nl\/wp-content\/uploads\/2024\/11\/IMG-20241106-WA0019-scaled-e1730874975833-300x300.jpg\" alt=\"IMG-20241106-WA0019\" \/><\/figure><\/div><div class=\"swiper-slide\" role=\"group\" aria-roledescription=\"slide\" aria-label=\"5 van 21\"><figure class=\"swiper-slide-inner\"><img decoding=\"async\" class=\"swiper-slide-image\" src=\"https:\/\/orange-shapes.nl\/wp-content\/uploads\/2024\/11\/IMG-20241106-WA0028-scaled-e1730875822872-300x300.jpg\" alt=\"IMG-20241106-WA0028\" \/><\/figure><\/div><div class=\"swiper-slide\" role=\"group\" aria-roledescription=\"slide\" aria-label=\"6 van 21\"><figure class=\"swiper-slide-inner\"><img decoding=\"async\" class=\"swiper-slide-image\" src=\"https:\/\/orange-shapes.nl\/wp-content\/uploads\/2024\/11\/IMG-20241106-WA0011-e1730875367539-300x300.jpg\" alt=\"IMG-20241106-WA0011\" \/><\/figure><\/div><div class=\"swiper-slide\" role=\"group\" aria-roledescription=\"slide\" aria-label=\"7 van 21\"><figure class=\"swiper-slide-inner\"><img decoding=\"async\" class=\"swiper-slide-image\" src=\"https:\/\/orange-shapes.nl\/wp-content\/uploads\/2024\/11\/IMG-20241106-WA0020-scaled-e1730875800260-300x300.jpg\" alt=\"IMG-20241106-WA0020\" \/><\/figure><\/div><div class=\"swiper-slide\" role=\"group\" aria-roledescription=\"slide\" aria-label=\"8 van 21\"><figure class=\"swiper-slide-inner\"><img decoding=\"async\" class=\"swiper-slide-image\" src=\"https:\/\/orange-shapes.nl\/wp-content\/uploads\/2024\/11\/IMG-20241106-WA0031-300x225.jpg\" alt=\"IMG-20241106-WA0031\" \/><\/figure><\/div><div class=\"swiper-slide\" role=\"group\" aria-roledescription=\"slide\" aria-label=\"9 van 21\"><figure class=\"swiper-slide-inner\"><img decoding=\"async\" class=\"swiper-slide-image\" src=\"https:\/\/orange-shapes.nl\/wp-content\/uploads\/2024\/11\/IMG-20241106-WA0022-scaled-e1730875761283-300x300.jpg\" alt=\"IMG-20241106-WA0022\" \/><\/figure><\/div><div class=\"swiper-slide\" role=\"group\" aria-roledescription=\"slide\" aria-label=\"10 van 21\"><figure class=\"swiper-slide-inner\"><img decoding=\"async\" class=\"swiper-slide-image\" src=\"https:\/\/orange-shapes.nl\/wp-content\/uploads\/2024\/11\/IMG-20241106-WA0021-scaled-e1730875431301-300x300.jpg\" alt=\"IMG-20241106-WA0021\" \/><\/figure><\/div><div class=\"swiper-slide\" role=\"group\" aria-roledescription=\"slide\" aria-label=\"11 van 21\"><figure class=\"swiper-slide-inner\"><img decoding=\"async\" class=\"swiper-slide-image\" src=\"https:\/\/orange-shapes.nl\/wp-content\/uploads\/2024\/11\/IMG-20241106-WA0013-scaled-e1730874999298-300x300.jpg\" alt=\"IMG-20241106-WA0013\" \/><\/figure><\/div><div class=\"swiper-slide\" role=\"group\" aria-roledescription=\"slide\" aria-label=\"12 van 21\"><figure class=\"swiper-slide-inner\"><img decoding=\"async\" class=\"swiper-slide-image\" src=\"https:\/\/orange-shapes.nl\/wp-content\/uploads\/2024\/11\/IMG-20241106-WA0029-scaled-e1730875457228-300x300.jpg\" alt=\"IMG-20241106-WA0029\" \/><\/figure><\/div><div class=\"swiper-slide\" role=\"group\" aria-roledescription=\"slide\" aria-label=\"13 van 21\"><figure class=\"swiper-slide-inner\"><img decoding=\"async\" class=\"swiper-slide-image\" src=\"https:\/\/orange-shapes.nl\/wp-content\/uploads\/2024\/11\/IMG-20241106-WA0030-scaled-e1730875783102-300x300.jpg\" alt=\"IMG-20241106-WA0030\" \/><\/figure><\/div><div class=\"swiper-slide\" role=\"group\" aria-roledescription=\"slide\" aria-label=\"14 van 21\"><figure class=\"swiper-slide-inner\"><img decoding=\"async\" class=\"swiper-slide-image\" src=\"https:\/\/orange-shapes.nl\/wp-content\/uploads\/2024\/06\/IMG_6046.MOV_snapshot_00.09.500-e1718276088256-300x300.jpg\" alt=\"IMG_6046.MOV_snapshot_00.09.500\" \/><\/figure><\/div><div class=\"swiper-slide\" role=\"group\" aria-roledescription=\"slide\" aria-label=\"15 van 21\"><figure class=\"swiper-slide-inner\"><img decoding=\"async\" class=\"swiper-slide-image\" src=\"https:\/\/orange-shapes.nl\/wp-content\/uploads\/2024\/11\/IMG-20241106-WA0003-scaled-e1730875490232-300x300.jpg\" alt=\"IMG-20241106-WA0003\" \/><\/figure><\/div><div class=\"swiper-slide\" role=\"group\" aria-roledescription=\"slide\" aria-label=\"16 van 21\"><figure class=\"swiper-slide-inner\"><img decoding=\"async\" class=\"swiper-slide-image\" src=\"https:\/\/orange-shapes.nl\/wp-content\/uploads\/2024\/11\/IMG-20241106-WA0008-scaled-e1730875848476-300x300.jpg\" alt=\"IMG-20241106-WA0008\" \/><\/figure><\/div><div class=\"swiper-slide\" role=\"group\" aria-roledescription=\"slide\" aria-label=\"17 van 21\"><figure class=\"swiper-slide-inner\"><img decoding=\"async\" class=\"swiper-slide-image\" src=\"https:\/\/orange-shapes.nl\/wp-content\/uploads\/2024\/06\/IMG_5559-scaled-e1718276130344-300x300.jpg\" alt=\"IMG_5559\" \/><\/figure><\/div><div class=\"swiper-slide\" role=\"group\" aria-roledescription=\"slide\" aria-label=\"18 van 21\"><figure class=\"swiper-slide-inner\"><img decoding=\"async\" class=\"swiper-slide-image\" src=\"https:\/\/orange-shapes.nl\/wp-content\/uploads\/2023\/09\/Afbeelding-van-WhatsApp-op-2023-08-30-om-11.49.17-e1693830460479-300x300.jpg\" alt=\"Afbeelding van WhatsApp op 2023-08-30 om 11.49.17\" \/><\/figure><\/div><div class=\"swiper-slide\" role=\"group\" aria-roledescription=\"slide\" aria-label=\"19 van 21\"><figure class=\"swiper-slide-inner\"><img decoding=\"async\" class=\"swiper-slide-image\" src=\"https:\/\/orange-shapes.nl\/wp-content\/uploads\/2023\/06\/Afbeelding-van-WhatsApp-op-2023-06-12-om-08.46.48-300x300.jpg\" alt=\"Letters Verknipt uit EPS200\" \/><\/figure><\/div><div class=\"swiper-slide\" role=\"group\" aria-roledescription=\"slide\" aria-label=\"20 van 21\"><figure class=\"swiper-slide-inner\"><img decoding=\"async\" class=\"swiper-slide-image\" src=\"https:\/\/orange-shapes.nl\/wp-content\/uploads\/2023\/06\/IMG_1434-300x300.jpg\" alt=\"Early peakers uit EPS\" \/><\/figure><\/div><div class=\"swiper-slide\" role=\"group\" aria-roledescription=\"slide\" aria-label=\"21 van 21\"><figure class=\"swiper-slide-inner\"><img decoding=\"async\" class=\"swiper-slide-image\" src=\"https:\/\/orange-shapes.nl\/wp-content\/uploads\/2023\/07\/e229fa7d-10ae-4b46-8f0c-96253e419578-e1689248888876-300x300.jpg\" alt=\"Letters wand uit XPS\" \/><\/figure><\/div>\t\t\t<\/div>\n\t\t\t\t\t\t\t\t\t\t\t\t<div class=\"elementor-swiper-button elementor-swiper-button-prev\" role=\"button\" tabindex=\"0\">\n\t\t\t\t\t\t<i aria-hidden=\"true\" class=\"eicon-chevron-left\"><\/i>\t\t\t\t\t<\/div>\n\t\t\t\t\t<div class=\"elementor-swiper-button elementor-swiper-button-next\" role=\"button\" tabindex=\"0\">\n\t\t\t\t\t\t<i aria-hidden=\"true\" class=\"eicon-chevron-right\"><\/i>\t\t\t\t\t<\/div>\n\t\t\t\t\n\t\t\t\t\t\t\t\t\t<\/div>\n\t\t\t\t\t\t<\/div>\n\t\t\t\t<\/div>\n\t\t\t\t\t<\/div>\n\t\t<\/div>\n\t\t\t\t\t<\/div>\n\t\t<\/section>\n\t\t\t\t<section class=\"elementor-section elementor-top-section elementor-element elementor-element-c7f97a7 elementor-section-boxed elementor-section-height-default elementor-section-height-default\" data-id=\"c7f97a7\" data-element_type=\"section\" data-e-type=\"section\">\n\t\t\t\t\t\t<div class=\"elementor-container elementor-column-gap-default\">\n\t\t\t\t\t<div class=\"elementor-column elementor-col-100 elementor-top-column elementor-element elementor-element-531b1b6\" data-id=\"531b1b6\" data-element_type=\"column\" data-e-type=\"column\">\n\t\t\t<div class=\"elementor-widget-wrap elementor-element-populated\">\n\t\t\t\t\t\t<div class=\"elementor-element elementor-element-f80d6f2 elementor-align-justify elementor-widget__width-inherit elementor-widget elementor-widget-button\" data-id=\"f80d6f2\" data-element_type=\"widget\" data-e-type=\"widget\" data-widget_type=\"button.default\">\n\t\t\t\t<div class=\"elementor-widget-container\">\n\t\t\t\t\t\t\t\t\t<div class=\"elementor-button-wrapper\">\n\t\t\t\t\t<a class=\"elementor-button elementor-button-link elementor-size-sm\" href=\"https:\/\/orange-shapes.nl\/?page_id=17\">\n\t\t\t\t\t\t<span class=\"elementor-button-content-wrapper\">\n\t\t\t\t\t\t\t\t\t<span class=\"elementor-button-text\">Vul hier je aanvraag in!<\/span>\n\t\t\t\t\t<\/span>\n\t\t\t\t\t<\/a>\n\t\t\t\t<\/div>\n\t\t\t\t\t\t\t\t<\/div>\n\t\t\t\t<\/div>\n\t\t\t\t\t<\/div>\n\t\t<\/div>\n\t\t\t\t\t<\/div>\n\t\t<\/section>\n\t\t\t\t<\/div>\n\t\t","protected":false},"excerpt":{"rendered":"<p>EPS LETTERS Piepschuim letters zijn driedimensionale letters die zijn gemaakt van ge\u00ebxpandeerd polystyreen (EPS) materiaal. Deze letters worden vaak gebruikt voor het cre\u00ebren van opvallende en op maat gemaakte signage voor bedrijven, evenementen, beurzen en andere commerci\u00eble of persoonlijke doeleinden. De letters worden meestal geproduceerd door het snijden of snijden van een blok piepschuim in [&hellip;]<\/p>\n","protected":false},"author":1,"featured_media":0,"parent":0,"menu_order":0,"comment_status":"closed","ping_status":"closed","template":"","meta":{"footnotes":""},"class_list":["post-43","page","type-page","status-publish","hentry"],"_links":{"self":[{"href":"https:\/\/orange-shapes.nl\/index.php?rest_route=\/wp\/v2\/pages\/43","targetHints":{"allow":["GET"]}}],"collection":[{"href":"https:\/\/orange-shapes.nl\/index.php?rest_route=\/wp\/v2\/pages"}],"about":[{"href":"https:\/\/orange-shapes.nl\/index.php?rest_route=\/wp\/v2\/types\/page"}],"author":[{"embeddable":true,"href":"https:\/\/orange-shapes.nl\/index.php?rest_route=\/wp\/v2\/users\/1"}],"replies":[{"embeddable":true,"href":"https:\/\/orange-shapes.nl\/index.php?rest_route=%2Fwp%2Fv2%2Fcomments&post=43"}],"version-history":[{"count":100,"href":"https:\/\/orange-shapes.nl\/index.php?rest_route=\/wp\/v2\/pages\/43\/revisions"}],"predecessor-version":[{"id":32004,"href":"https:\/\/orange-shapes.nl\/index.php?rest_route=\/wp\/v2\/pages\/43\/revisions\/32004"}],"wp:attachment":[{"href":"https:\/\/orange-shapes.nl\/index.php?rest_route=%2Fwp%2Fv2%2Fmedia&parent=43"}],"curies":[{"name":"wp","href":"https:\/\/api.w.org\/{rel}","templated":true}]}}